 61. Give j(21).
-2
Let i(c) = 12*c + 576. What is i(-54)?
-72
Let s(t) = -28*t + 146. Determine s(-20).
706
Let h(w) = -w**2 + 80*w - 522. Determine h(74).
-78
Let v(a) = a**3 - 17*a**2 - 76*a + 10. Calculate v(21).
178
Let a(r) = 30*r - 651. Determine a(21).
-21
Let c(y) = y**2 + 52*y + 86. What is c(-50)?
-14
Let a(c) = c**3 + 12*c**2 + 34*c + 599. What is a(-13)?
-12
Let f(t) = -t**3 + 14*t**2 - 13*t - 28. What is f(9)?
260
Let r(u) = 5*u. Calculate r(2).
10
Let c(a) = a**3 + a**2 - 25*a - 1. What is c(-5)?
24
Let i(c) = c**2 - 6*c - 27. Give i(10).
13
Let z(t) = 2*t**2 - 85*t + 361. Give z(39).
88
Let z(f) = -68*f - 342. Calculate z(-5).
-2
Let n(f) = f**3 + f**2 - 10*f + 17. What is n(0)?
17
Let p(r) = 2*r**2 - 105. Determine p(9).
57
Let u(r) = -106*r - 1238. Determine u(-12).
34
Let d(j) = -j**3 - 2*j**2 + 16*j + 40. Calculate d(-3).
1
Let t(v) = -17*v - 103. Determine t(-4).
-35
Let d(b) = -5*b**2 - 257*b + 10365. What is d(-78)?
-9
Let u(m) = -5*m**3 - 127*m**2 + 88*m - 3. Determine u(-26).
-263
Let t(x) = 5335*x - 5333. Determine t(1).
2
Let i(k) = k**2 + 76*k - 1043. Give i(12).
13
Let b(m) = -26*m**2 + 263*m + 253. Give b(11).
0
Let d(f) = -1164*f - 2321. What is d(-2)?
7
Let o(p) = -2*p**2 + 289*p + 1504. Determine o(-5).
9
Let y(h) = -104*h + 628. Calculate y(6).
4
Let s(g) = -g**3 - 20*g**2 - 99*g - 20. Give s(-8).
4
Let s(r) = 105*r - 8805. Determine s(84).
15
Let z(k) = -k**2 + 22*k + 1112. Determine z(-24).
8
Let l(g) = g**3 + 12*g**2 - 35*g - 187. Give l(-14).
-89
Let v(h) = -h**3 - 10*h**2 + 15*h - 114. Calculate v(-11).
-158
Let s(o) = -37*o + 444. Give s(14).
-74
Let t(c) = -2*c**3 + 24*c**2 - 27*c + 319. What is t(12)?
-5
Let x(l) = 710*l - 91589. Calculate x(129).
1
Let g(f) = -f**3 - 39*f**2 - 32*f + 239. Calculate g(-38).
11
Let d(t) = -t**3 + t**2 + 115*t + 392. Calculate d(-4).
12
Let r(g) = g**3 - 27*g**2 - 36*g + 217. Calculate r(28).
-7
Let g(r) = r**3 - 32*r**2 + 33*r - 269. What is g(31)?
-207
Let g(h) = 2*h**2 - 89*h - 574. Give g(-6).
32
Let y(j) = 49*j + 677. Give y(-14).
-9
Let b(v) = -145*v**2 - 10*v + 21. Give b(2).
-579
Let f(o) = 2*o**3 + 55*o**2 - 26*o + 36. What is f(-28)?
-20
Let j(x) = x**3 + 5*x**2 - 54*x - 48. Give j(-10).
-8
Let l(v) = 69*v + 1923. Calculate l(-28).
-9
Let x(y) = -36*y**2 - 3*y - 10. Calculate x(-2).
-148
Let s(a) = a**3 + 9*a**2 - 46*a - 13. What is s(-14)?
-349
Let o(g) = g**3 - 68*g**2 - 49*g - 1330. What is o(69)?
50
Let i(s) = 2*s**2 - 71*s + 137. Determine i(34).
35
Let n(j) = 43*j + 342. Determine n(7).
643
Let a(w) = -24*w**2 - 25*w - 123. Determine a(-5).
-598
Let l(g) = -5*g**2 + 248*g + 219. Calculate l(50).
119
Let t(k) = -5*k**2 + 492*k - 219. What is t(98)?
-23
Let t(g) = g**3 + 10*g**2 - 52*g - 327. Calculate t(-5).
58
Let u(q) = q**3 + 10*q**2 - 19*q + 66. Calculate u(-12).
6
Let n(t) = -67*t - 59. Give n(2).
-193
Let x(y) = -y**2 + 65*y - 596. Give x(56).
-92
Let q(l) = l**2 - 673*l - 6025. Calculate q(-9).
113
Let t(v) = 111*v - 773. Give t(7).
4
Let t(w) = 64245*w - 385466. Determine t(6).
4
Let w(k) = -14*k**3 - 166*k**2 + 24*k + 3. What is w(-12)?
3
Let s(x) = 4*x**2 + 9*x + 5. Determine s(-4).
33
Let z(k) = -49*k - 1668. Calculate z(-44).
488
Let h(a) = -3*a**2 + 44*a + 115. What is h(15)?
100
Let b(w) = 259*w - 11647. Give b(45).
8
Let j(r) = 6*r**2 - 16*r + 42. Determine j(4).
74
Let j(o) = -o**3 + o**2 + 12*o - 14. Give j(3).
4
Let v(p) = 274*p - 1659. Calculate v(6).
-15
Let s(x) = 24*x**2 + 194*x + 14. Give s(-8).
-2
Let w(s) = 44*s + 159. Determine w(-6).
-105
Let v(l) = -l**2 - 11*l + 102. Give v(-16).
22
Let f(l) = 2*l**3 + 5*l**2 + 29*l + 34. Determine f(-1).
8
Let h(u) = -u**2 + 55*u - 224. What is h(52)?
-68
Let o(s) = s**3 + 2*s**2 + 2*s + 1. Determine o(0).
1
Let m(t) = -t**3 - 8*t**2 - 7*t + 4. Determine m(-7).
4
Let h(p) = 47*p + 1531. What is h(-32)?
27
Let k(g) = -g**3 + 76*g**2 + 150*g + 457. What is k(78)?
-11
Let p(v) = 61*v**2 - 4635*v - 120. Calculate p(76).
-44
Let t(o) = 5*o**3 + 138*o**2 - 58*o - 79. Give t(-28).
-23
Let q(w) = -w**2 + 58*w + 381. Give q(-6).
-3
Let l(a) = -a**3 + 6*a**2 + 109*a + 25. Determine l(14).
-17
Let u(x) = -x**3 + 2*x**2 + 11*x - 48. Give u(-9).
744
Let y(m) = -2*m**2 + 19*m + 290. Give y(-8).
10
Let c(q) = q**3 + 11*q**2 + 17*q - 21. Give c(-9).
-12
Let g(t) = 4*t**2 - 163*t - 6936. Give g(-26).
6
Let y(j) = j**3 - j**2 - 18*j - 30. Calculate y(-3).
-12
Let z(t) = -317*t + 45358. Give z(143).
27
Let l(i) = i**3 + 61*i**2 - 703*i + 494. Calculate l(-71).
-3
Let a(d) = 171*d - 17088. Determine a(100).
12
Let d(u) = 2*u**2 - 834*u + 41647. Calculate d(58).
3
Let t(z) = -z**2 + 79*z - 1550. Determine t(40).
10
Let t(w) = -28*w**2 - 444*w + 442. Determine t(1).
-30
Let c(x) = 93*x**2 - 2049*x + 62. Give c(22).
-4
Let l(k) = 3*k**3 + 27*k**2 + 61*k + 39. What is l(-3)?
18
Let a(j) = -5*j**2 - 25*j + 128. Give a(6).
-202
Let u(o) = o**2 + 32*o - 1493. Calculate u(25).
-68
Let h(z) = 4*z**3 + 3*z**2 - 31*z + 27. Calculate h(1).
3
Let a(h) = 72*h - 160. Calculate a(2).
-16
Let s(b) = -15*b**3 + 51*b**2 + 36*b - 4. Give s(4).
-4
Let q(y) = -7*y**2 - 20*y + 23. Give q(-4).
-9
Let y(x) = 2000*x + 45994. Give y(-23).
-6
Let o(w) = 55*w**2 + 369*w + 16. Give o(-7).
128
Let l(r) = -2*r**2 + 272*r - 1319. Calculate l(5).
-9
Let c(j) = -3*j - 133. Calculate c(-42).
-7
Let b(p) = 31*p + 245. Give b(-6).
59
Let z(u) = -3*u**2 - 228*u + 7948. Calculate z(-102).
-8
Let u(l) = l**3 - 46*l**2 + 45*l + 93. Calculate u(45).
93
Let k(i) = -i**2 - 10*i + 131. Determine k(10).
-69
Let l(z) = 52*z + 148. Give l(-3).
-8
Let q(m) = -203*m - 2317. Determine q(-10).
-287
Let c(l) = l**3 + 9*l**2 - 7*l - 34. What is c(0)?
-34
Let j(q) = 2*q**2 - 464*q + 26568. Give j(103).
-6
Let p(o) = -2*o**3 - 271*o**2 + 132*o - 539. Give p(-136).
5
Let a(x) = -5*x**2 + 68*x + 416. What is a(-7)?
-305
Let r(p) = -70*p - 3013. Give r(-43).
-3
Let p(n) = -19*n + 89. Calculate p(7).
-44
Let n(k) = -k**3 - 2*k**2 - 22*k + 15. Give n(-6).
291
Let w(m) = 28*m - 3083. What is w(110)?
-3
Let r(m) = 349*m - 10. Give r(0).
-10
Let u(i) = 9*i**2 - 144*i - 507. Give u(19).
6
Let u(h) = -8*h - 77. Calculate u(-10).
3
Let q(u) = -20*u + 155. Determine q(10).
-45
Let r(x) = -233*x - 9546. What is r(-41)?
7
Let k(j) = j**2 - 53*j + 186. Calculate k(49).
-10
Let i(y) = y**3 + 10*y**2 + 3*y. Give i(-9).
54
Let v(u) = -u - 32. Calculate v(-8).
-24
Let a(z) = 53*z + 428. What is a(-8)?
4
Let d(q) = -2*q**2 + 60*q - 12. Give d(30).
-12
Let c(g) = -4*g**3 + 58*g**2 + 29*g + 63. What is c(15)?
48
Let l(z) = -4018*z - 16098. Give l(-4).
-26
Let g(l) = 3*l**3 + 514*l**2 + 685*l + 834. Calculate g(-170).
-16
Let i(s) = s - 255. Determine i(-10).
-265
Let a(p) = -p**2 + 116*p - 1814. What is a(21)?
181
Let r(z) = 938*z + 2801. What is r(-3)?
-13
Let y(p) = -413*p + 3320. What is y(8)?
16
Let j(i) = -i**3 + 61*i**2 - 57*i + 101. Determine j(60).
281
Let f(g) = 2006*g + 34060. Calculate f(-17).
-42
Let r(a) = 2*a**3 - 10*a**2 + 11*a + 11. Give r(6).
149
Let r(j) = j**3 + 52*j**2 + 55*j + 114. What is r(-51)?
-90
Let s(m) = 1287*m + 3803. What is s(-3)?
-58
Let g(l) = 20*l**2 + 50*l + 45. Calculate g(-1).
15
Let b(c) = 58*c**2 - 20*c - 14. Calculate b(0).
-14
Let y(x) = -5*x**2 + 147*x + 317. Give y(31).
69
Let x(t) = 154*t + 116. Determine x(-2).
-192
Let v(g) = -g**3 + 12*g**2 - 28*g + 71. Calculate v(10).
-9
Let d(a) = 3*a**3 - 25*a**2 + 10*a - 14. What is d(8)?
2
Let d(w) = 18*w - 127. What is d(13)?
107
Let f(j) = -5*j**2 - 997*j - 7110. Determine f(-192).
-6
Let a(f) = -16518*f - 49546. Give a(-3).
8
Let c(r) = -2*r**2 + 1675*r + 10115. Give c(-6).
-7
Let t(b) = -5*b + 556. Give t(63).
241
Let z(s) = 667*s - 3326. What is z(5)?
9
Let f(i) = -i**3 - 11*i**2 + 821*i. Calculate f(0).
0
Let i(r) = -r**3 - 15*r**2 + 121*r - 99. Give i(-21).
6
Let n(a) = a**3 - 67*a**2 + 73*a - 463. What is n(66)?
-1
Let t(s) = s**2 + 47*s + 471. Calculate t(-25).
-79
Let q(y) = -11*y + 238. Give q(24).
-26
Let t(g) = -665*g - 17270. What is t(-26)?
20
Let b(i) = -6*i**3 - 3*i**2 - 300*i - 595. Give b(-2).
41
Let c(j) = 21*j - 118. Determine c(7).
29
Let m(c) = c - 137. Calculate m(-26).
-163
Let y(p) = 37*p**2 + 227*p + 206. Calculate y(-5).
-4
Let c(r) = 6*r**2 + 47*r + 52. What is c(-7)?
17